oes 58 divide 167686?
False
Does 127 divide 1568683?
False
Does 1292 divide 9589307?
False
Does 454 divide 720517?
False
Is 435 a factor of 2273745?
True
Is 8639510 a multiple of 684?
False
Is 63 a factor of 625086?
True
Is 1613688 a multiple of 284?
True
Is 24100 a multiple of 100?
True
Is 14063729 a multiple of 944?
False
Is 44084 a multiple of 16?
False
Does 422 divide 323674?
True
Is 131856 a multiple of 82?
True
Is 10 a factor of 430359?
False
Is 172 a factor of 83936?
True
Is 794754 a multiple of 15?
False
Does 2 divide 51849?
False
Is 105 a factor of 70939?
False
Does 1693 divide 234661?
False
Does 20 divide 311010?
False
Is 17 a factor of 1499168?
False
Is 862332 a multiple of 29?
False
Is 163168 a multiple of 149?
False
Is 422245 a multiple of 28?
False
Is 1292497 a multiple of 950?
False
Does 12 divide 329532?
True
Is 8495708 a multiple of 487?
False
Does 11 divide 443003?
True
Is 679 a factor of 1656760?
True
Is 1673136 a multiple of 432?
True
Is 11836593 a multiple of 599?
False
Does 915 divide 462990?
True
Is 463 a factor of 604039?
False
Is 8301402 a multiple of 1461?
True
Is 712926 a multiple of 9?
True
Does 312 divide 1687071?
False
Does 115 divide 8910292?
False
Does 32 divide 187243?
False
Is 43333 even?
False
Is 43 a factor of 41366?
True
Does 43 divide 5352855?
True
Is 202 a factor of 472158?
False
Does 31 divide 4342168?
False
Is 166 a factor of 42330?
True
Is 70 a factor of 695100?
True
Is 314 a factor of 289822?
True
Is 23 a factor of 3906918?
True
Is 10 a factor of 806684?
False
Is 60 a factor of 1903260?
True
Is 43 a factor of 22544?
False
Is 469 a factor of 1448269?
False
Is 103 a factor of 103671?
False
Is 168102 a multiple of 19?
False
Does 11 divide 6835169?
True
Is 236886 a multiple of 386?
False
Is 218 a factor of 103550?
True
Does 17 divide 24025573?
True
Is 3496213 a multiple of 48?
False
Is 117732 a multiple of 43?
False
Does 417 divide 94497?
False
Does 83 divide 110414?
False
Is 312410 a multiple of 48?
False
Is 399 a factor of 4919670?
True
Does 92 divide 966816?
False
Does 586 divide 2493430?
True
Is 3483087 a multiple of 228?
False
Is 4868589 a multiple of 14?
False
Does 199 divide 496563?
False
Is 10 a factor of 232590?
True
Does 26 divide 1655610?
False
Does 236 divide 315984?
False
Does 287 divide 6062769?
False
Does 34 divide 944604?
False
Is 27 a factor of 2090556?
True
Is 5640 a multiple of 10?
True
Is 9266 even?
True
Does 142 divide 704391?
False
Is 52 a factor of 1566240?
True
Does 35 divide 1926295?
True
Is 3549462 a multiple of 147?
True
Is 4692 a multiple of 51?
True
Is 105059 a multiple of 24?
False
Does 952 divide 831366?
False
Does 35 divide 52734?
False
Is 647 a factor of 1006752?
False
Is 6710 a multiple of 61?
True
Does 350 divide 128100?
True
Is 401062 a multiple of 67?
True
Is 1568319 a multiple of 110?
False
Does 3 divide 351099?
True
Does 248 divide 41990?
False
Does 134 divide 63784?
True
Is 1424848 a multiple of 86?
True
Is 53555 even?
False
Is 208062 a multiple of 27?
True
Is 41 a factor of 656861?
True
Is 5098548 a multiple of 897?
True
Does 7 divide 87738?
True
Is 1246428 a multiple of 15?
False
Is 26123 a multiple of 13?
False
Does 19 divide 14146671?
False
Is 920304 a multiple of 83?
True
Does 610 divide 6684275?
False
Is 54 a factor of 660258?
True
Is 570 a factor of 20743440?
True
Does 20 divide 424708?
False
Is 147941 a multiple of 23?
False
Is 213192 a multiple of 3?
True
Is 191 a factor of 1526734?
False
Does 2 divide 16485?
False
Does 81 divide 555903?
True
Is 132957 a multiple of 11?
True
Is 8 a factor of 29445?
False
Is 863891 a multiple of 112?
False
Does 17 divide 994925?
True
Does 315 divide 10594710?
True
Is 398916 a multiple of 21?
True
Is 4652406 a multiple of 134?
False
Does 35 divide 557165?
True
Does 26 divide 5219772?
False
Is 25 a factor of 12341400?
True
Is 26224 a multiple of 44?
True
Does 59 divide 205946?
False
Is 87 a factor of 278897?
False
Is 64498 a multiple of 238?
True
Is 922127 a multiple of 13?
False
Does 3 divide 144442?
False
Does 24 divide 99816?
True
Is 513608 a multiple of 62?
True
Is 176262 a multiple of 45?
False
Does 11 divide 270249?
False
Is 145852 a multiple of 4?
True
Does 44 divide 413088?
False
Does 7 divide 16477?
False
Is 34 a factor of 2754082?
False
Does 161 divide 708239?
True
Is 821520 a multiple of 120?
True
Is 20553 a multiple of 15?
False
Is 12793 a multiple of 28?
False
Does 24 divide 180741?
False
Is 56 a factor of 234520?
False
Is 104335 a multiple of 312?
False
Does 278 divide 2006882?
True
Is 4140474 a multiple of 571?
False
Does 110 divide 176220?
True
Is 1524 a factor of 10762489?
False
Is 106615 a multiple of 139?
False
Is 13594642 a multiple of 14?
False
Is 192 a factor of 8106432?
True
Is 4101016 a multiple of 872?
True
Does 50 divide 2978529?
False
Does 18 divide 3068136?
True
Is 6 a factor of 11594?
False
Is 1273083 a multiple of 1388?
False
Is 129780 a multiple of 126?
True
Is 22 a factor of 64922?
True
Does 34 divide 3944418?
False
Is 34 a factor of 8996?
False
Is 235596 a multiple of 12?
True
Does 7 divide 824446?
True
Does 476 divide 117572?
True
Is 72 a factor of 1163304?
True
Is 12 a factor of 497488?
False
Is 78 a factor of 51480?
True
Is 710400 a multiple of 48?
True
Does 68 divide 1378137?
False
Is 73558 a multiple of 90?
False
Does 109 divide 404499?
True
Is 5 a factor of 46760?
True
Is 51282 a multiple of 11?
True
Does 100 divide 438700?
True
Is 217341 a multiple of 9?
True
Is 18648651 a multiple of 27?
False
Is 149 a factor of 34099?
False
Is 436136 a multiple of 412?
False
Is 1203 a factor of 5109407?
False
Is 132759 a multiple of 9?
True
Is 304 a factor of 1070905?
False
Does 284 divide 9218072?
True
Does 29 divide 88769?
True
Is 464 a factor of 2552542?
False
Is 129085 a multiple of 2?
False
Is 101 a factor of 482780?
True
Is 37 a factor of 191956?
True
Is 28 a factor of 14588?
True
Is 107242 a multiple of 11?
False
Is 13 a factor of 275704?
True
Does 4 divide 81304?
True
Does 24 divide 601817?
False
Does 490 divide 1718430?
True
Is 172 a factor of 1970776?
True
Is 203048 a multiple of 17?
True
Is 1473327 a multiple of 53?
False
Is 107 a factor of 2291871?
False
Is 27 a factor of 4215928?
False
Is 2217656 a multiple of 16?
False
Does 5 divide 75265?
True
Is 7418342 a multiple of 10?
False
Does 1408 divide 3770054?
False
Does 483 divide 1150916?
False
Is 10592623 a multiple of 106?
False
Is 25 a factor of 40000?
True
Does 3 divide 3657678?
True
Is 149 a factor of 3099200?
True
Does 41 divide 10048701?
False
Is 379392 a multiple of 78?
True
Does 27 divide 2617462?
False
Is 968 a factor of 13271280?
True
Is 326990 a multiple of 38?
True
Is 844518 a multiple of 18?
False
Is 148060 a multiple of 8?
False
Is 2 a factor of 1219723?
False
Is 3012156 a multiple of 12?
True
Does 102 divide 8568782?
False
Is 26 a factor of 1127194?
False
Is 138 a factor of 4732848?
True
Is 2921724 a multiple of 156?
True
Is 184 a factor of 365861?
False
Is 6624756 a multiple of 4?
True
Is 3862097 a multiple of 88?
False
Does 8 divide 83546?
False
Is 540357 a multiple of 91?
False
Is 1005900 a multiple of 12?
True
Is 288 a factor of 1500721?
False
Is 18 a factor of 3378499?
False
Is 75748 a multiple of 18?
False
Is 54 a factor of 257742?
True
Does 31 divide 105321?
False
Is 9 a factor of 823487?
False
Is 445628 a multiple of 9?
False
Is 904948 a multiple of 314?
True
Is 262 a factor of 914118?
True
Does 39 divide 107663?
False
Is 94 a factor of 252620?
False
Is 1739438 a multiple of 9?
False
Is 28 a factor of 1832368?
False
Is 3378028 a multiple of 42?
False
Is 49 a factor of 17601?
False
Is 15 a factor of 3677787?
False
Does 518 divide 360294?
False
Is 144092 a multiple of 13?
True
Is 13699049 a multiple of 179?
True
Is 870345 a multiple of 307?
True
Is 3 a factor of 96113?
False
Is 102924 a multiple of 86?
False
Does 66 divide 1102896?
False
Is 72 a factor of 163224?
True
Does 147 divide 93639?
True
Is 10773185 a multiple of 281?
False
Is 155 a factor of 1726513?
False
Is 199 a factor of 1424778?
False
Is 289755 a multiple of 11?
False
Is 3266102 a multiple of 617?
False
Is 13 a factor of 151840?
True
Does 675 divide 1142100?
True
Is 14 a factor of 102746?
True
Is 2 a factor of 37897?
False
Is 97031 a multiple of 77?
Fa